32 + -31 - (-5 + 0)) + -8
-2
What is 19 + -11 + -24 + 29?
13
What is the value of (9 - 6) + 1 + 2 + 4 + -6?
4
What is (10 - (-4 + 16)) + 15?
13
-7 + (1 - (-4 - -11)) + (-51 - -80)
16
What is -11 + (6 - ((-1 - 10) + 17)) + 2?
-9
What is -4 - -1 - (-9 - -1) - (76 - 75)?
4
Calculate 17 - (-15 + 36 - 2).
-2
Calculate (-9 - (-32 - -46)) + -7.
-30
Evaluate -3 - (2 + -12 + (5 - 17)).
19
Evaluate 10 - 1 - -5 - (-3 + 2).
15
(53 - 64) + (0 - -6) + -1 + -10
-16
Calculate (502 - 503) + (-10 - (0 - -1)).
-12
What is the value of 15 + 6 + -5 + (9 - 18)?
7
Evaluate -19 - (16 - (-4 + 51)).
12
33 + -2 + (-5 - 10) + 10
26
Calculate 1 - (-2 - -10) - (246 + -265).
12
Calculate (11 - (-6 - -23)) + -7 - 1.
-14
What is 20 + -25 + (-2 - -1)?
-6
-9 - -3 - (15 - 5 - -4)
-20
0 - ((-31 - -26) + (3 - 5))
7
Evaluate -50 + (-17 + 25 - -18).
-24
-7 + -2 + 4 + -7
-12
Calculate -18 - -14 - (4 + 8) - 9.
-25
What is -17 + -18 + 33 + -18?
-20
What is the value of -5 + 7 - ((-3 - (-1 - -28)) + -4)?
36
What is the value of -18 + -13 - ((-11 - (-3 + -3)) + 0)?
-26
(22 - (20 + -23)) + -37
-12
4 + 4 + (-9 - 6) + 4
-3
What is the value of -26 + (-17 - (-3 - -1 - 25))?
-16
What is the value of 17 - (-4 + (14 - 6))?
13
What is (-10 + 3 - (-27 - -19)) + 9 + 1?
11
What is ((-7 - -4) + 4 - (-5 - -1)) + 5?
10
What is the value of (14 + 0 + -5 + 3 - 3) + 8?
17
-2 + 3 - 0 - -3 - (-6 - -15)
-5
What is the value of -26 + 41 - (7 - (4 + 2))?
14
Calculate (47 - (-28 + 26)) + -22.
27
58 + 2 - (922 + -883)
21
What is the value of 16 - ((-3 - (-2 + 0)) + 33 + -26)?
10
Calculate -13 + -8 + -12 + 45.
12
What is the value of (-19 - 0) + (-1063 - -1069)?
-13
What is 11 - (-43 + 47 - (-1 - 21))?
-15
Calculate 29 + -18 - (-2 + 3).
10
Evaluate -11 + -1 + 20 + 5 + -3 + -1.
9
What is the value of 10 + 0 + (6 - (-7 - -14))?
9
What is (-2 - (7 + -16)) + -3 - (14 + 1)?
-11
What is 15 + -5 + 0 + -8?
2
Calculate -4 + (3 - 2 - (-2 - (13 + -21))).
-9
Calculate -4 - 11 - (-42 - -29).
-2
Calculate (-47 - -52) + 0 + -1 + -3 + 2.
3
13 + -2 + -10 - -5 - 6
0
What is -1 + (20 - 58) + 23 + 15 + -3?
-4
Evaluate 4 - 4 - (15 + -6 + -3).
-6
Evaluate 100 + -78 - (0 - -23).
-1
What is 9 - (12 + -41 - -62)?
-24
What is 10 + 8 + -12 + 3 + -1?
8
Calculate -7 + 34 - (-9 + (27 + -8 - 10)).
27
What is (14 - 2 - 17) + -5?
-10
Calculate 0 + 6 - (2 - (9 - 11)).
2
What is the value of -28 + 33 + -3 + -3 + (-7 - -1)?
-7
Calculate -21 + (-19 - (-36 - -21)).
-25
What is the value of 2 + (9 - -10) + -27?
-6
5 - (16 - 1) - -20
10
Evaluate -50 + (3 - 14) + 38.
-23
What is 9 - (21 - 17) - (3 + 0)?
2
What is the value of 50 - 32 - 7 - (-21 - -5)?
27
Calculate 174 - 146 - (14 + 2).
12
Evaluate 11 + -42 + 32 + (0 - -17).
18
11 - 3 - 2 - (-5 + 2 - -9)
0
Evaluate -76 + 109 - (57 - 5).
-19
What is -3 + 4 + -7 - (-25 - -11)?
8
Evaluate (21 - 43) + 6 - 8.
-24
What is the value of (-10 - (-28 + 33)) + -6?
-21
What is the value of 5 + (11 - -1) - (54 - 18)?
-19
What is the value of 390 - 399 - (-35 - -1 - (8 + -7))?
26
What is the value of (0 - 2) + 8 - ((-37 - 4) + 59)?
-12
Evaluate 6 - (-19 + -6 + 49).
-18
What is the value of -10 - (26 + 0 - (-13 - (-24 - -5)))?
-30
Calculate 0 + 5 + -13 + 3 + (-15 - -4).
-16
What is 8 + (-45 - -31) - -20?
14
What is the value of -13 + (-6 - -45 - 12)?
14
Evaluate 11 - (11 - ((3 - -3) + -2)).
4
What is 40 + 34 + -30 + -34?
10
Calculate 11 + 11 + -5 + -2 + -6 + -10.
-1
What is the value of (0 - -4 - (24 + -17)) + -6?
-9
Evaluate -8 - 1 - 1 - (1415 + -1389).
-36
Evaluate 5 - -3 - (5 - (-3 + 1 + 15)).
16
What is the value of (-38 - (-5 + -52)) + -1 + -1?
17
Calculate 7 + (-2 - (2 + (-9 - -5))).
7
What is the value of 5 + (18 + -2 - (-58 + 62))?
17
What is the value of 44 + -20 + -24 - 20?
-20
What is ((7 - 3) + -9 - (-1 + -8)) + 10?
14
What is the value of -21 + -37 + 20 + 31?
-7
What is the value of -1 - (-6 + 8 + (2 - 0) + -2)?
-3
What is the value of 16 - (6 + (-3 - 5)) - (-13 - -7)?
24
(34 + -11 - 9) + (2 - 9) - -7
14
What is -18 + (-7 - ((-6 - 4) + -3))?
-12
What is 0 - (-48 - -40 - 14)?
22
What is (2 - 18 - -9) + (-8 - -1) + 1?
-13
Calculate 8 - 0 - (16 - (0 - -5)).
-3
(-4 - -15) + -11 - (-5 - (-2 + 1))
4
Calculate -7 + -16 + 1 - (-10 - 1) - -16.
5
Evaluate 263 + -265 - (-20 - -2).
16
Calculate -320 + 310 - (-1 + 0 - -13).
-22
What is -8 - -2 - ((3 - (-3 - -3)) + -1)?
-8
Evaluate -11 - (-5 + (-3 - 1) - (-20 - -3)).
-19
Evaluate (-2 - (16 + -3)) + 5 + -19.
-29
-8 - (-24 + (-2 - -13))
5
Evaluate -1 + -2 + 11 + (12 - 14).
6
What is the value of 11 + 4 + 9 - 6?
18
What is (13 - (9 + 1)) + -5 - (1 - 10)?
7
What is -28 + (-13 - -9) - (-13 - 2)?
-17
What is -4 + -6 + 4 + (3 - (6 + 9))?
-18
Evaluate -3 - -5 - -5 - 0 - (20 + -2).
-11
Evaluate 2 + -2 - (60 - 51).
-9
What is 9 - (1 - -14) - (-2 + -16)?
12
What is -1 + 1 + (-1 - -4) + (-14 - -11)?
0
Evaluate -13 + (4 - -18 - 1).
8
Evaluate 5 - (-10 - (-7 + -1)) - 16.
-9
What is (50 - 22 - 10) + -19?
-1
What is the value of -22 + 7 - (-23 + -18 + 18)?
8
What is -7 + 16 + 0 - 6 - 6?
-3
What is (-19 - -6) + (15 - (-3 - -7))?
-2
Calculate 66 - 84 - (-31 - (3 + -3)).
13
4 + 0 + (2 - -26) + -28
4
40 + (-17 - 15 - -11)
19
Evaluate 34 - (-7 - (-20 + -15)).
6
What is the value of -13 + (-37 - (-16 - 46))?
12
Calculate 11 + -14 + 2 + -6 + -11 - 2.
-20
Calculate 3 + -9 + (-12 - -2 - -17).
1
7 - 0 - 3 - (11 + -5 - -2)
-4
What is the value of (0 + -1 + -2 - -2) + -10 + 8?
-3
What is the value of 4 + -6 + (-12 - (9 + -13))?
-10
What is -10 + (-95 + 43 - -38)?
-24
Calculate (8 - 3) + (0 - 4) + -14.
-13
What is 11 - (40 + -1) - (-4 - (-2 - -2))?
-24
What is the value of (-8 - -1) + 145 + -152?
-14
What is the value of -10 + (-22 - -13) + 18 - (0 - 27)?
26
What is the value of 21 - (-5 - -5 - (5 + -16))?
10
Evaluate -6 + (7 - 18) - -5.
-12
12 + -1 - 6 - (1 - (-6 - -10))
8
Calculate 1 + (57 - 60) + (0 - (13 - 2)).
-13
-12 + (-4 - (-9 - 29))
22
Calculate (0 + 0 - (37 - (-5 + 21))) + -7.
-28
Evaluate (-558 - -557) + (-34 - (-6 - -4)).
-33
(-23 - -1) + -140 + 150
-12
Evaluate 28 + 16 - 45 - (1 - 9).
7
What is the value of 10 - (11 + -10 + 14) - (4 - -1)?
-10
Evaluate 0 + 25 - (1507 - 1492).
10
What is 4 + -13 + -5 - (10 + 3)?
-27
What is the value of (-34 - (-38 + -7 + 22)) + -12 + -1?
-24
4348 + -4351 + 12 + 0 + 0 - 35
-26
4 + 2 + -8 + (-1 - -2) - -9
8
What is 10 + (-13 - -8) + -10 - (4 - 3)?
-6
Evaluate (-25 - 1) + -12 + (-8 - (-39 - -9)).
-16
Calculate -2 + 26 + (-19 + 7 - 2).
10
What is the value of (-167 - -162) + (1 + -1 + 0 - 4)?
-9
Calculate 21 - ((-13 - -6) + 20).
8
Evaluate 10 - (9 - (-4 - 9) - (11 - 1)).
-2
(-1 + 7 - 20) + -31 + 22
-23
Calculate (-38 - -65 - 49) + (-1 - -10).
-13
Evaluate 0 - (-9 + 5 + -7 + 39).
-28
Evaluate (2 - -12) + -18 + 4 + -24.
-24
Calculate 0 + -18 + 12 + (7 - 2) + 3.
2
-7 + (-8 - -5) + (6 - (-6 - 1))
3
What is the value of (-36 - (-61 + 39)) + 37?
23
1 - 6 - (-6 + 8 + -1)
-6
Evaluate 3 + -14 + 9 + (-14 - (14 - 28)).
-2
What is 2 + -8 + 8 + 3 + -8?
-3
What is the value of -14 + 22 + 1 + (-7 - 2)?
0
Evaluate -3 + ((5 - 0) + -2 - 8).
-8
6 - 0 - (-28 - 25 - -43)
16
10 + 7 + -17 + (2 - 6)
-4
Evaluate 9 + (-7 - (11 + -23 + 6 - -11)).
-3
What is the value of 10 - (13 - -10) - (-9 + 2)?
-6
((-2 - (-13 + 5)) + 0 - 9) + 2
-1
Calculate (22 - -1) + (-39 - -30) - 9.
5
Calculate 13 - (3 + 24 - 26).
12
What is 15 + -2 - (-12 - 5 - -21)?
9
What is the value of -38 + 20 + 7 + (0 - -19)?
8
-2 + (-214 - -233 - (25 + 0))
-8
What is 19 + (605 - 603 - (34 - -1))?
-14
What is 20 - (21 + -41) - 17?
23
Calculate (-6 - -6 - -4) + 1 - 5 - 4.
-4
(6 - 20) + -13 + 10
-17
What is 9 - 7 - (14 - -9)?
-21
Calculate (-2 - 40 - -22) + 24.
4
What is the value of (9 - -2) + -15 + (-2 - (2 + -3))?
-5
Evaluate (-9 - -4 - -6) + 4 + -6.
-1
What is the value of -3 - (-1 + -6) - (14 - 5)?
-5
What is the value of -7 - ((-12 - -9 - 3) + 1)?
-2
What is -19 - (17 + -5 + -5 + 0 + -4)?
-22
Calculate 12 - 8 - (1 + 24 - 5).
-16
Calculate -6 - (-6 + 1 + -1 + 13).
-13
7 - (-2 - -7 - (-4 + (-2 - -2)))
-2
Evaluate -15 + (5 - (9 - (7 + -12 - -5))).
-19
Calculate -1 + 8 - (12 - (8 + -13)).
-10
Calculate (4 - -4) + 0 - (2 - -20).
-14
Evaluate -11 + -6 + (-3 - -10) + -1 + -1.
-12
What is 14 - (11 + 1 + (-2 - (14 + -10)))?
8
Calculate -5 + -8 + 24 - 20.
-9
Evaluate 0 + 3 + (-4 - (-4 - (0 + -2))).
1
What is the value o